 is 0 - 1000?
-1000
In base 8, what is -6206 + -3?
-6211
In base 4, what is -321001 + -1?
-321002
In base 15, what is -5 + 5?
0
In base 4, what is -22 - 110?
-132
In base 5, what is 2 - 3342?
-3340
In base 13, what is 1 - 80a?
-809
In base 6, what is 1303 + 103?
1410
In base 14, what is -6 + 10d0?
10c8
In base 6, what is 55412 - -5?
55421
In base 7, what is -2356 + 2?
-2354
In base 8, what is 0 + 224?
224
In base 16, what is 1df + 2?
1e1
In base 7, what is 4 - -62?
66
In base 14, what is -5 - cd?
-d4
In base 10, what is 25 - 15?
10
In base 11, what is 25 - -14?
39
In base 10, what is -5 + -151?
-156
In base 5, what is 4122 + 20?
4142
In base 13, what is -3 + 484?
481
In base 5, what is 34 - 0?
34
In base 5, what is 4 + 20420?
20424
In base 11, what is 11 - 26?
-15
In base 4, what is -300 - 1302?
-2202
In base 9, what is 0 + 30?
30
In base 13, what is b2 + 3?
b5
In base 14, what is 3 - -2c?
31
In base 7, what is -202 + -4?
-206
In base 16, what is 2 - c?
-a
In base 12, what is 1 - -44?
45
In base 14, what is -4838 + -5?
-483d
In base 10, what is 146 - 16?
130
In base 13, what is 7b - -17?
95
In base 4, what is 30 + 101102?
101132
In base 10, what is 104 + 23?
127
In base 6, what is -1 + 1555?
1554
In base 5, what is -4 + -100002?
-100011
In base 11, what is 3 - a6?
-a3
In base 5, what is 23234 - 1?
23233
In base 10, what is -11 + 105?
94
In base 2, what is -1001 + 10100?
1011
In base 9, what is -22 + -846?
-868
In base 2, what is -1 + -1101100?
-1101101
In base 6, what is 2 - 33051?
-33045
In base 8, what is -3 + 55?
52
In base 7, what is -203 + -24?
-230
In base 3, what is 1121 - 2120?
-222
In base 5, what is 120 + 134?
304
In base 2, what is -101 + -11100?
-100001
In base 14, what is 3 + 12ab?
12b0
In base 15, what is 7 + -290?
-288
In base 15, what is -5 + 10?
a
In base 9, what is 0 + -2165?
-2165
In base 9, what is 84 + -6?
77
In base 8, what is 55 + 31?
106
In base 4, what is 122222 - 10?
122212
In base 6, what is 25 + -12?
13
In base 14, what is 559 - -4?
55d
In base 4, what is -311 + -10?
-321
In base 11, what is -25 + -4?
-29
In base 14, what is -190 + 2?
-18c
In base 16, what is 6f3 - 0?
6f3
In base 10, what is -167 - -5?
-162
In base 15, what is 0 + 2e?
2e
In base 16, what is 1 + 9d?
9e
In base 6, what is -3 + -2430?
-2433
In base 8, what is 30 - -1?
31
In base 6, what is 304 - -125?
433
In base 8, what is 3 - -10246?
10251
In base 5, what is -10 - 1212?
-1222
In base 13, what is 1 + -5?
-4
In base 2, what is 10111 + 100000?
110111
In base 16, what is 6d - -1?
6e
In base 10, what is -4 - -42?
38
In base 9, what is 7 - 60?
-52
In base 7, what is 2561 - 4?
2554
In base 11, what is 30 + 1?
31
In base 15, what is -3 + -127?
-12a
In base 12, what is 1 + 117?
118
In base 12, what is 0 - -2589?
2589
In base 5, what is 11 - 24?
-13
In base 11, what is -1364 + -2?
-1366
In base 7, what is 105665 - 4?
105661
In base 8, what is -2055 - 4?
-2061
In base 6, what is -1532 - 1?
-1533
In base 7, what is 6 + -51?
-42
In base 9, what is -615 - -3?
-612
In base 15, what is -1 - -68?
67
In base 8, what is 36 + -6?
30
In base 14, what is -8 - -5bb?
5b3
In base 5, what is -1 + 122311?
122310
In base 9, what is -4302 - -5?
-4286
In base 10, what is 22 + 371?
393
In base 3, what is 1 + 11?
12
In base 3, what is -1122200 - 20?
-1122220
In base 15, what is 1 + -ba2?
-ba1
In base 10, what is -31 - -8?
-23
In base 4, what is -31 + -20332?
-21023
In base 15, what is 1b - 38?
-1c
In base 5, what is 121 - 441?
-320
In base 3, what is 2 + 202221?
210000
In base 3, what is 1102201212 - 1?
1102201211
In base 10, what is 3 + 1219?
1222
In base 10, what is -121 - -9?
-112
In base 8, what is -1622 - -2?
-1620
In base 10, what is 5 - -484?
489
In base 13, what is -21 - 5a?
-7b
In base 10, what is -5 - -1492?
1487
In base 7, what is 214 - 4?
210
In base 3, what is 2 + 0?
2
In base 11, what is 89 - -6?
94
In base 15, what is a5 - 5?
a0
In base 8, what is -204 - 0?
-204
In base 16, what is -3c7 + 5?
-3c2
In base 9, what is -5 + 33?
27
In base 9, what is -168 + -3?
-172
In base 2, what is -10 + 1100010001?
1100001111
In base 10, what is 9 - 247?
-238
In base 7, what is 524 - 5?
516
In base 15, what is d7 - -3?
da
In base 8, what is 4 - -225?
231
In base 16, what is -5 + 207?
202
In base 6, what is -20 + -5?
-25
In base 3, what is -1000 + 1210?
210
In base 5, what is 101 + -114?
-13
In base 4, what is 2003 - 3?
2000
In base 6, what is 152 - 13?
135
In base 10, what is 3 - -206?
209
In base 4, what is -1 + 1?
0
In base 12, what is 1 + 3?
4
In base 4, what is 213 - -2?
221
In base 16, what is -4 + -2e?
-32
In base 16, what is -1b + -11?
-2c
In base 15, what is -10a4 + 1?
-10a3
In base 8, what is 372 + 4?
376
In base 2, what is -11 + -11110110001?
-11110110100
In base 5, what is 13 - -113?
131
In base 3, what is -200000 - -12?
-122211
In base 8, what is -1162 + -1?
-1163
In base 2, what is 10 + -1101?
-1011
In base 9, what is -278 + -60?
-348
In base 5, what is 1 - 113432?
-113431
In base 4, what is -10202 + -11?
-10213
In base 9, what is 28 - -2?
31
In base 8, what is 6 - 3?
3
In base 5, what is 44131 - -4?
44140
In base 7, what is -14 + -131?
-145
In base 6, what is 4225 - 1?
4224
In base 16, what is 146f - 3?
146c
In base 7, what is 1255 + -4?
1251
In base 9, what is 1877 - 7?
1870
In base 14, what is -2363 + -3?
-2366
In base 9, what is -3 + 3222?
3218
In base 4, what is 13 + 1303?
1322
In base 15, what is 0 + -51?
-51
In base 7, what is 2 - 3166?
-3164
In base 5, what is 2320 - 14?
2301
In base 11, what is -775 - 1?
-776
In base 8, what is -204 - -2?
-202
In base 16, what is -2642 + -1?
-2643
In base 7, what is 410 - 1?
406
In base 2, what is -100 + 1001?
101
In base 14, what is -b39 + 0?
-b39
In base 6, what is 133121 - -1?
133122
In base 12, what is 9a + -5?
95
In base 4, what is -33010220 - 11?
-33010231
In base 3, what is -12 - 212212?
-220001
In base 10, what is 18 - 23?
-5
In base 12, what is 880 - 10?
870
In base 7, what is -133 - 5?
-141
In base 12, what is -93a + -5?
-943
In base 14, what is -414 + 0?
-414
In base 4, what is -2322 - -121?
-2201
In base 4, what is 130 - -1?
131
In base 15, what is -291d - 5?
-2923
In base 6, what is 1355 + 3?
1402
In base 4, what is 12213 - 30?
12123
In base 13, what is 7 - 3?
4
In base 4, what is 1 + -233121?
-233120
In base 5, what is -1 + 3343?
3342
In base 13, what is -520 - 3?
-523
In base 11, what is 4 + 45?
49
In base 6, what is 444 + -50?
354
In base 4, what is -223 + -103?
-332
In base 6, what is -22 + 25?
3
In base 10, what is -1671 + 2?
-1669
In base 16, what is 3 - -489?
48c
In base 7, what is -31 + 33?
2
In base 2, what is -10101110001000 - 100?
-10101110001100
In base 14, what is -332 + 18?
-318
In base 10, what is 275 - -3?
278
In base 9, what is -382 - 3?
-385
In base 4, what is -121202 + 2?
-121200
In base 7, what is 1663 + -5?
1655
In base 9, what is -30 + -47?
-77
In base 14, what is c + -66?
-58
In base 11, what is 88 + -44?
44
In base 3, what is 2 + -1100022?
-1100020
In base 14, what is -3 - -12?
d
In base 4, what is 2 - 3?
-1
In base 15, what is -7ee - -b?
-7e3
In base 11, what is 2 - -273?
275
In base 12, what is 242 - 0?
242
In base 3, what is 1121 - -10122?
12020
In base 10, what is -2 - 1735?
-1737
In base 8, what is -421 - -4?
-415
In base 6, what is -5 - 1411?
-1420
In base 15, what is 4 + c8?
cc
In base 9, what is -37 + -45?
-83
In base 6, what is 52 - -25?
121
In base 11, what is -21 + -2?
-23
In base 10, what is 5 - -56?
61
In base 8, what is 0 - 245?
-245
In base 11, what is -6 + 18?
12
In base 4, what is -1310 - -132?
-1112
In base 9, what is 3 - 4611?
-4607
In base 16, what is 4 - -1a9?
1ad
In base 10, what is -41 + 3?
-38
In base 6, what is -35 + -13?
-52
In base 13, what is 31a1 + 4?
31a5
In base 2, what is 10110 + -100?
10010
In base 14, what is 984 - 1?
983
In base 8, what is -72 - -1?
-71
In base 2, what is -1011001 - -100?
-1010101
In base 4, what is 2121011 - 2?
2121003
In base 4, what is -3 - -2103?
2100
In base 16, what is -70 - -5?
-6b
In base 2, what is 10 - 100?
-10
In base 16, what is 5 - -efe?
f03
In base 10, what is -5 + 25?
20
In base 8, what is 13531 - -2?
13533
In base 6, what is -353241 - -4?
-353233
In base 16, what is -4 - c?
-10
In base 10, what is 20 + -20?
0
In base 5, w